ommon factor of 18317212 and 348.
116
What is the greatest common divisor of 256307604 and 20496?
5124
Calculate the greatest common divisor of 642 and 146519273.
107
What is the highest common factor of 128 and 117607200?
32
What is the highest common factor of 3663213 and 17931?
129
What is the highest common factor of 90208 and 16096?
32
What is the highest common factor of 391 and 64431694?
23
What is the greatest common divisor of 18974025 and 35?
35
What is the highest common factor of 292875 and 979?
11
Calculate the highest common divisor of 76 and 1381604.
76
What is the highest common divisor of 226886 and 44?
22
What is the highest common factor of 7565924 and 1652?
236
What is the highest common factor of 837620 and 6293?
217
What is the highest common divisor of 5761684036 and 692?
692
What is the greatest common factor of 7562 and 29641846?
398
Calculate the greatest common factor of 623488 and 2816.
128
What is the greatest common divisor of 32416 and 252?
4
Calculate the greatest common factor of 143066620 and 100.
20
What is the greatest common factor of 15605 and 5214301515?
15605
Calculate the highest common factor of 369462816 and 324.
108
What is the highest common factor of 286874 and 9424?
62
Calculate the greatest common divisor of 60 and 792176640.
60
Calculate the greatest common divisor of 756270 and 42030.
90
Calculate the greatest common factor of 2149091 and 1978718.
2989
Calculate the highest common divisor of 771750 and 42210.
630
What is the highest common divisor of 2246 and 1936779704?
2246
What is the greatest common divisor of 80 and 1764528160?
80
Calculate the greatest common factor of 48840 and 3405.
15
What is the greatest common factor of 7407928 and 880?
88
What is the highest common factor of 6992 and 9871324?
92
Calculate the highest common divisor of 5376 and 5349888.
768
What is the highest common factor of 14490 and 157759070?
1610
Calculate the greatest common divisor of 33036671 and 851.
851
What is the highest common factor of 280 and 12537770?
70
Calculate the highest common factor of 1090 and 128947.
109
Calculate the greatest common factor of 1676224 and 13456.
16
Calculate the greatest common factor of 424 and 16272484.
212
Calculate the greatest common factor of 56002114 and 714.
238
What is the highest common divisor of 97809 and 2049?
3
What is the highest common divisor of 1265 and 1385543?
23
Calculate the highest common divisor of 529 and 2991173.
23
Calculate the greatest common factor of 8099446 and 68.
34
Calculate the highest common factor of 195 and 27953115.
15
What is the highest common factor of 10890056 and 1337?
191
What is the highest common divisor of 2280 and 442968?
24
What is the greatest common factor of 13450137 and 11912?
1489
What is the highest common divisor of 174845 and 3704980?
1445
Calculate the greatest common factor of 7679350 and 1925.
175
What is the greatest common factor of 401 and 3753766213?
401
Calculate the highest common divisor of 4211424 and 112392.
504
What is the highest common factor of 1703849 and 2444897?
2807
Calculate the highest common factor of 8924 and 12677900.
388
Calculate the highest common factor of 14772114 and 378.
126
What is the greatest common divisor of 1469006 and 159082?
154
Calculate the greatest common factor of 6450 and 6783250.
2150
What is the highest common factor of 161 and 1227400405?
161
Calculate the highest common divisor of 16587 and 2588057.
97
Calculate the highest common divisor of 173988120 and 72.
24
Calculate the highest common factor of 9750834 and 34344.
2862
Calculate the greatest common divisor of 113671 and 144698.
71
What is the greatest common divisor of 106 and 254273224?
106
What is the greatest common factor of 74448462 and 143?
11
What is the greatest common factor of 2052441 and 963?
9
What is the highest common factor of 9610 and 14830?
10
Calculate the greatest common divisor of 14884272 and 288.
144
What is the greatest common factor of 253825398 and 30?
6
Calculate the greatest common factor of 2366 and 11085724.
338
What is the greatest common divisor of 69509598 and 6?
6
Calculate the greatest common factor of 232033 and 215777041.
13649
What is the highest common factor of 79677 and 5565807?
351
What is the greatest common factor of 285 and 18274504?
19
Calculate the highest common factor of 2495 and 477.
1
What is the greatest common factor of 819607767 and 4642?
2321
Calculate the greatest common divisor of 836 and 208952557.
209
Calculate the highest common divisor of 1055 and 2404767.
211
What is the greatest common factor of 616891 and 319?
11
What is the greatest common divisor of 882 and 12845203?
49
Calculate the greatest common factor of 202684762 and 5131.
5131
What is the greatest common factor of 9394392 and 3976?
56
Calculate the greatest common factor of 1042683136 and 8.
8
Calculate the greatest common divisor of 10721979 and 99.
9
What is the highest common factor of 408 and 20472318?
102
Calculate the highest common factor of 42221424 and 656.
16
Calculate the highest common factor of 53781057 and 297.
297
Calculate the highest common factor of 855216 and 612.
36
What is the highest common factor of 113952 and 12720?
48
What is the greatest common divisor of 371 and 95565519?
371
Calculate the highest common divisor of 6708 and 61672.
52
What is the highest common divisor of 2783768 and 91?
13
What is the highest common factor of 144 and 1220094?
18
What is the highest common factor of 1795127660 and 10?
10
Calculate the highest common divisor of 5415 and 117750315.
285
What is the greatest common divisor of 619248 and 57604808?
14744
Calculate the greatest common divisor of 88 and 463770.
2
Calculate the highest common factor of 21135048 and 924.
132
Calculate the greatest common divisor of 164388 and 1425417.
2163
What is the greatest common divisor of 152311 and 33?
1
What is the highest common factor of 2688 and 651072?
192
What is the highest common factor of 2607801 and 371?
7
What is the highest common divisor of 3755792 and 8?
8
What is the greatest common divisor of 447040803 and 77?
11
What is the greatest common divisor of 99 and 75924497?
11
What is the greatest common divisor of 37790 and 1180204374?
7558
Calculate the greatest common divisor of 444188 and 64.
4
Calculate the highest common factor of 1392472 and 56.
8
Calculate the greatest common factor of 6698145 and 3715.
3715
What is the highest common factor of 1252 and 349944?
4
What is the highest common divisor of 1170 and 17004510?
90
What is the highest common divisor of 40848 and 58?
2
What is the greatest common factor of 306 and 19442526?
102
What is the highest common factor of 201520 and 9967912?
1832
Calculate the greatest common divisor of 1127133 and 2583.
63
Calculate the greatest common factor of 768048 and 3088.
16
What is the greatest common divisor of 74 and 187240498?
74
What is the highest common divisor of 4336991 and 1074?
179
What is the highest common factor of 403235 and 7175?
1435
What is the greatest common factor of 8717366 and 14?
14
Calculate the highest common factor of 290304 and 52736.
512
What is the highest common factor of 71582 and 448?
14
What is the highest common factor of 24556442 and 50?
2
Calculate the greatest common divisor of 2200 and 63624.
88
What is the greatest common factor of 96 and 43343072?
32
What is the highest common divisor of 81 and 23170608?
9
Calculate the highest common divisor of 10989331 and 161.
23
Calculate the greatest common divisor of 23673 and 104897.
13
What is the highest common divisor of 102866 and 646?
38
Calculate the greatest common factor of 8254101 and 79431.
249
Calculate the greatest common divisor of 401895 and 46716.
687
Calculate the highest common divisor of 48 and 55168824.
24
Calculate the highest common factor of 379809454 and 1.
1
Calculate the highest common divisor of 159 and 74195707.
53
Calculate the highest common divisor of 14869690 and 1089.
121
What is the highest common divisor of 57690 and 34360?
10
What is the greatest common factor of 80090775 and 150?
75
What is the greatest common factor of 5278 and 118958?
406
What is the highest common divisor of 621221496 and 153954?
17106
What is the greatest 